{"id":134,"date":"2021-03-15T12:32:29","date_gmt":"2021-03-15T12:32:29","guid":{"rendered":"https:\/\/lotuswonderland.com\/?page_id=134"},"modified":"2022-02-28T21:22:49","modified_gmt":"2022-02-28T21:22:49","slug":"inspiracje","status":"publish","type":"page","link":"https:\/\/lotuswonderland.com\/index.php\/inspiracje\/","title":{"rendered":"Inspiracje"},"content":{"rendered":"\n<p class=\"has-medium-font-size\"><strong>Mah\u0101mrityunjaya Mantra<\/strong><\/p>\n\n\n\n<figure class=\"wp-block-embed is-type-video is-provider-youtube wp-block-embed-youtube wp-embed-aspect-4-3 wp-has-aspect-ratio\"><div class=\"wp-block-embed__wrapper\">\n<iframe loading=\"lazy\" title=\"Mahamrityunjaya Mantra - Sacred Sound Choir - Ancient Chant For Healing &amp; Peace\" width=\"1333\" height=\"1000\" src=\"https:\/\/www.youtube.com\/embed\/3vq6Ot2RiEc?start=9&#038;feature=oembed\" frameborder=\"0\" allow=\"accelerometer; autoplay; clipboard-write; encrypted-media; gyroscope; picture-in-picture\" allowfullscreen><\/iframe>\n<\/div><\/figure>\n\n\n\n<p>Gdybym mia\u0142a wybra\u0107 tylko jeden utw\u00f3r, kt\u00f3rego mia\u0142abym s\u0142ucha\u0107 do ko\u0144ca \u017cycia, by\u0142by to w\u0142a\u015bnie ten. Ta mantra w staro\u017cytnym sanskrycie jest wezwaniem do o\u015bwiecenia i jest praktykowana w celu oczyszczenia karmy duszy na bardzo g\u0142\u0119bokim poziomie. (P)<\/p>\n\n\n\n<p><\/p>\n\n\n\n<p><\/p>\n\n\n\n<p class=\"has-medium-font-size\"><strong>Masaru Emoto &#8211; Wie\u015bci z wody [PL]<\/strong><\/p>\n\n\n\n<figure class=\"wp-block-embed is-type-video is-provider-youtube wp-block-embed-youtube wp-embed-aspect-4-3 wp-has-aspect-ratio\"><div class=\"wp-block-embed__wrapper\">\n<iframe loading=\"lazy\" title=\"Masaru Emoto - Wie\u015bci z wody [PL]\" width=\"1333\" height=\"1000\" src=\"https:\/\/www.youtube.com\/embed\/6PhnDviC4lE?start=831&#038;feature=oembed\" frameborder=\"0\" allow=\"accelerometer; autoplay; clipboard-write; encrypted-media; gyroscope; picture-in-picture\" allowfullscreen><\/iframe>\n<\/div><\/figure>\n\n\n\n<p>Film o wynikach bada\u0144 na temat w\u0142a\u015bciwo\u015bci wody i naszego wp\u0142ywu na ni\u0105.<\/p>\n","protected":false},"excerpt":{"rendered":"<p>Mah\u0101mrityunjaya Mantra Gdybym mia\u0142a wybra\u0107 tylko jeden utw\u00f3r, kt\u00f3rego mia\u0142abym s\u0142ucha\u0107 do ko\u0144ca \u017cycia, by\u0142by&hellip;<\/p>\n","protected":false},"author":1,"featured_media":0,"parent":0,"menu_order":0,"comment_status":"closed","ping_status":"closed","template":"","meta":{"give_campaign_id":0,"footnotes":""},"class_list":["post-134","page","type-page","status-publish","hentry"],"campaignId":"","_links":{"self":[{"href":"https:\/\/lotuswonderland.com\/index.php\/wp-json\/wp\/v2\/pages\/134","targetHints":{"allow":["GET"]}}],"collection":[{"href":"https:\/\/lotuswonderland.com\/index.php\/wp-json\/wp\/v2\/pages"}],"about":[{"href":"https:\/\/lotuswonderland.com\/index.php\/wp-json\/wp\/v2\/types\/page"}],"author":[{"embeddable":true,"href":"https:\/\/lotuswonderland.com\/index.php\/wp-json\/wp\/v2\/users\/1"}],"replies":[{"embeddable":true,"href":"https:\/\/lotuswonderland.com\/index.php\/wp-json\/wp\/v2\/comments?post=134"}],"version-history":[{"count":5,"href":"https:\/\/lotuswonderland.com\/index.php\/wp-json\/wp\/v2\/pages\/134\/revisions"}],"predecessor-version":[{"id":645,"href":"https:\/\/lotuswonderland.com\/index.php\/wp-json\/wp\/v2\/pages\/134\/revisions\/645"}],"wp:attachment":[{"href":"https:\/\/lotuswonderland.com\/index.php\/wp-json\/wp\/v2\/media?parent=134"}],"curies":[{"name":"wp","href":"https:\/\/api.w.org\/{rel}","templated":true}]}}